 m - 0*m - 19. Calculate the remainder when u is divided by m.
11
Suppose -54 = -4*d + x, -51 = 5*d - 6*d - 6*x. Suppose 0 = -v - 2*i + 62, -4*v - 2*i + 308 = -6*i. Calculate the remainder when v is divided by d.
12
Let d = 6559 - 6500. Calculate the remainder when 401 is divided by d.
47
Suppose -3*u + 3*w = -168, 0*u = 3*u - 4*w - 172. Suppose -3*z + 72 - 6 = 5*c, -2*z + u = 4*c. Calculate the remainder when 98 is divided by c.
2
Let n = -545 - -570. Calculate the remainder when 5422 is divided by n.
22
Let i(w) = 2*w**3 + 50*w**2 + 49*w - 31. Let o be i(-24). Let m = o + 68. What is the remainder when 14 is divided by m?
1
Suppose 5*p + 137 = 4*u, u = p - 4*u + 19. Let m = 31 - 3. Calculate the remainder when -24*(2/6 - p/(-6)) is divided by m.
24
Calculate the remainder when (-120)/110 - (-129)/(-33) - -443 is divided by 125.
63
What is the remainder when (-82)/(-4)*(-4 + 6) is divided by 4 - ((-18)/3)/((51/68)/1)?
5
Suppose -f - 4*f = -205. What is the remainder when (-1 + (-82)/6)/(2028/(-10647)) is divided by f?
36
Let n(s) = -s - 37. Let u be n(0). Let g = u - -106. Suppose 2*h - 4*j - 60 = -4, 38 = 6*h + j. Calculate the remainder when g is divided by h.
5
Let r(p) = -p - 107. Let y be r(23). Let x = 152 + y. Calculate the remainder when 152 is divided by x.
20
Suppose 20171 = 26*v - 22313. What is the remainder when v is divided by 15?
14
Suppose 420 = -2*a + 12*a. Suppose -37*k - 65 = -a*k. What is the remainder when 77 is divided by k?
12
Suppose -85*u - 13233 = -118*u. Calculate the remainder when u is divided by 101.
98
Suppose o + 9 - 20 = -2*d, -2*d = 2*o - 14. Suppose 0 = 3*x + o, 5*x = s - 40 + 2. What is the remainder when 61 is divided by s?
28
Suppose 55*p + 2738 - 170815 = -36*p. What is the remainder when p is divided by 25?
22
Suppose -74*i + 30*i + 3778 - 1182 = 0. What is the remainder when 237 is divided by i?
1
Let v be (416/39)/(0 + 4/6). Suppose 0 = 3*w - 7*w + v. Suppose -181 = -w*h + 167. What is the remainder when h is divided by 22?
21
What is the remainder when (24/(-16)*5/5)/((-4)/3672) is divided by 13?
12
Let k(h) = -h. Let b be k(-2). Suppose -b*s - 11*s + 26 = 0. Calculate the remainder when s + 2 - (-127 + 1) is divided by 33.
31
Let b = 188 + -175. What is the remainder when 828/(-27)*6/(-24)*6 is divided by b?
7
Let r(l) be the first derivative of -23*l**4/4 - 2*l**3 - 4*l**2 - l + 36. Let u(m) = m**3 + m**2 - m + 5. What is the remainder when r(-1) is divided by u(0)?
4
Suppose 30*m + 2636 = -2234 + 17230. What is the remainder when m is divided by 13?
9
Let s(q) = -149*q + 348. What is the remainder when 51 is divided by s(2)?
1
Suppose -398 = 3*c + 3*k - 665, 4*c = 4*k + 308. What is the remainder when c is divided by 57?
26
Suppose -28 = -6*d + 2*d. Let v(g) = g**3 - 10*g**2 - 18*g - 8. Let x be v(12). Suppose d*s = 3*s + x. What is the remainder when 28 is divided by s?
12
Let u = 10678 + -6953. Calculate the remainder when 3729 is divided by u.
4
Suppose 0 = 2*y - 8, -y = -5*i - 5*y + 156. Let h(m) = -20*m**2 - 16*m**2 - 40 + 52*m**2 + 5*m - 15*m**2. Calculate the remainder when i is divided by h(-10).
8
Suppose -24 = -5*q + 1, 4*b + 1011 = -q. Let a = b + 265. What is the remainder when 52 is divided by a?
8
Suppose 9*i + 54 = 11*i. Let u = -5 + i. Suppose -10*s + 8*s + u = 0. Calculate the remainder when 52 is divided by s.
8
Let h be 0/((0 + 3 + -4)*-1). Suppose -2*c + d + 98 = h, -5*c - 126 = -3*d - 371. Calculate the remainder when c is divided by 25.
24
Suppose -i = 3 + 4. Let s(x) = 4*x - 1. Let j be s(i). Let u = 40 + j. Calculate the remainder when 41 is divided by u.
8
Let v(o) = o**3 - 15*o + 6. Let u be v(-4). Suppose 0 = 5*m + g - 22, u*m + 4*g - 4 = 2*g. Calculate the remainder when 14 is divided by m.
4
Let l = 1813 - 1065. Suppose 0 = -18*y + 40*y - l. Calculate the remainder when 200 is divided by y.
30
Suppose 2*a = -3*t + 175, 173*a + 245 = 4*t + 178*a. Calculate the remainder when 125 is divided by t.
15
Let m(p) = 83 - 61 - 2*p**2 + p**2 + 2*p**2 + 473 + 76*p. What is the remainder when 251/3 + (-2)/3 is divided by m(-69)?
11
Suppose 15*v - 3548 = -2*x, 20*x - 18*x = v - 228. Calculate the remainder when 262 is divided by v.
26
What is the remainder when -3*(-2)/(-18) - 481/195*-5 is divided by 8?
4
Suppose 0 = -3*n + 12 + 18. What is the remainder when 7689/187 - (-5)/((-170)/4) is divided by n?
1
Suppose 5*q - a = 14, q = 4*q - 5*a - 4. Suppose -4*n + 44 = -4*p, 18 = q*n + 23*p - 21*p. What is the remainder when 61 is divided by n?
5
Suppose -11 = -5*g + 29. Let f = -104 - -91. Let a = g - f. What is the remainder when a is divided by 13?
8
Let o = -10 - -13. Let v = -45 - -51. Suppose 13 = v*w - 23. What is the remainder when w is divided by o?
0
Suppose m = -5, 3*n + 44 = 4*m + 166. Let s(j) = -j**3 + 8*j**2 + 9*j + 21. What is the remainder when s(7) is divided by n?
31
Let w = 118 - 0. Calculate the remainder when 642 is divided by w.
52
Suppose 15 = -5*m, 0 = -5*j + m + 3*m + 72. Calculate the remainder when 2122 is divided by j.
10
Let a(x) = 4*x**2 + 20*x - 15. Let k(g) = 8 - 56*g**2 - 3*g + 54*g**2 - 7*g. Let t(q) = -2*a(q) - 5*k(q). Calculate the remainder when t(-11) is divided by 42.
38
Let f(b) = -2*b**3 - 12*b**2 - 24*b - 8. What is the remainder when 116 is divided by f(-2)?
4
Let z(t) = -t**3 + 31*t**2 + 2*t - 5. Let w be z(31). Let a = 9 - -18. Calculate the remainder when 38/w + (-626)/(-6) is divided by a.
24
Suppose 0 = 102*d - 44*d - 30*d - 896. What is the remainder when 537 is divided by d?
25
Suppose -155*l = -241*l + 155*l - 5313. What is the remainder when 566 is divided by l?
27
Let b(d) = d**3 + 38*d**2 + 321*d - 56. What is the remainder when 2947 is divided by b(-25)?
43
Let g = 409 - 258. Suppose -6 = 2*a, g = 5*t + 2*a + a. Calculate the remainder when 125 is divided by t.
29
Let a be (-4)/(-8) - (-4)/8. Let r(f) = -f**2 + 11 + a + 11*f - 15*f - 8*f. Calculate the remainder when 88 is divided by r(-11).
19
Let a(d) = d**3 - 11*d**2 - 31*d + 62. Let y be a(13). What is the remainder when 41 is divided by 3*(y - (-100)/15)?
8
What is the remainder when 347 is divided by 110 - 41 - (5 + 5)?
52
Let r = 835 + -783. Suppose -r*x + 2088 = 6*x. Calculate the remainder when 356 is divided by x.
32
Let g = 334 - 173. Let k = g - 157. What is the remainder when 53 is divided by k?
1
Let b = 3546 + -3361. Calculate the remainder when b is divided by 60.
5
Suppose -2*m = x + 5, 0 = 3*x - m + 1. Let d = x - -12. What is the remainder when -3 - (8 - (10 - 7))*-9 is divided by d?
9
Suppose 0 = -3*t - 2*t + 145. Suppose 2*h + 19 = -3*b, b + 0 + 3 = h. What is the remainder when t is divided by 7 - (3 + (h - 2))?
5
Let j = 3180 + -3142. Calculate the remainder when 40 is divided by j.
2
Let v = -2328 - -2558. Calculate the remainder when v is divided by 125.
105
Suppose -3*h + 3*p - p = -7, -2*h = p - 7. Let f = -1 - -3. Suppose f*v = 3*v - 9. What is the remainder when v is divided by h?
0
Let w = 338 - 152. Suppose 13*k = 641 - w. What is the remainder when (2 - 0/(-3))*34 is divided by k?
33
Let u = -49 - -99. Suppose 3*r - 26 = -14. What is the remainder when ((-130)/u)/((-6)/5 - -1) is divided by r?
1
Let u(o) = 11*o**3 - 12*o**2 - 65*o + 151. Let v be -38 + (-1 + 1 - 1). Let m = v - -56. What is the remainder when u(2) is divided by m?
10
Suppose -4*l = 4*j - 1392, -361*l - j = -363*l + 711. Calculate the remainder when l is divided by 328.
25
Let i(s) = -293*s - 2618. Calculate the remainder when (2 - (-33916)/28) + 4/(-14) is divided by i(-9).
16
Let v be (13/3 - 4)*(648 + -3). Suppose 6*c - 1141 - v = 0. Calculate the remainder when c is divided by 57.
55
Suppose 633 - 1608 = -25*m. What is the remainder when 71 is divided by m?
32
Let x = 1266 - -1197. What is the remainder when x is divided by 77?
76
Suppose -12*i + 279808 + 67880 = 24*i. What is the remainder when i is divided by 21?
19
Let t(o) = 2*o**2 + 2. Calculate the remainder when t(6) is divided by (-3)/(((777/42)/37)/(11/(-6))).
8
Suppose -5*x - 191 - 78 = -4*s, -5*s - 2*x + 361 = 0. What is the remainder when 704 is divided by s?
65
Let i(u) = 5*u - 65. Let h be ((-13)/(52/(-8)))/((-2)/(-17)). Calculate the remainder when 32 is divided by i(h).
12
Suppose 0 = -34*z - 420 + 386. Suppo